its digit of (-4)/(-3)*(-15)/f?
0
Let u = 4 - 0. Let x = -11 - -18. Suppose 4*c + 2*q - 3 = 11, -5*q = -u*c + x. What is the units digit of c?
3
What is the tens digit of 4/((-125)/130 + 1)?
0
Suppose -5*x - 4*w = -1068 + 4, 0 = -4*x - 3*w + 852. What is the hundreds digit of x?
2
Let t = -10 - -22. What is the tens digit of t?
1
Let q(n) = 6 + 4 + 2*n - 3*n**3 + 4*n**3 + 8*n**2. What is the tens digit of q(-7)?
4
Let d = 34 - -32. What is the units digit of d?
6
What is the hundreds digit of 451/2 + (-2)/(-4)?
2
Let a = -89 + 178. Let q = 130 - a. What is the units digit of q?
1
Let l(q) = 62*q - 14. What is the tens digit of l(3)?
7
What is the units digit of 8/2 - (-75)/3?
9
Let b be (-54)/(-3) + -3 + 1. Let p = 33 - b. What is the units digit of p?
7
Let r(z) = -z**3 + 2*z**2 + 11*z - 2. Let j(w) = -2*w**3 + 4*w**2 + 23*w - 3. Let b(v) = 4*j(v) - 9*r(v). What is the units digit of b(4)?
0
Let r(n) = -n**2 - 10*n + 6. Let k be r(-10). Suppose -2*o + k = -o. What is the units digit of o?
6
Let z = 0 - -2. Let w = z + -4. Let y = 0 - w. What is the units digit of y?
2
Let l(k) = 4*k**3 + 2*k**2 - 1. Let j be l(1). Suppose 2*a - a - 7 = -h, 11 = -3*h + j*a. What is the units digit of h?
3
Suppose u = -0*u + 2. Suppose -u*z = 2*z - 4. What is the units digit of z?
1
Suppose 2*l + 0*l - 240 = 0. What is the hundreds digit of l?
1
Let l be 0/(0 + -3 + 1). Suppose 5*y - 3*p = 2*y + 18, -y + 5*p + 10 = l. Suppose 2*d - 14 = 4*b - 0, y*d + 2*b - 23 = 0. What is the units digit of d?
5
Let r be 1 + -2 - 3 - -3. Let g be (-2)/r + (-12)/(-6). Suppose -2*a - 8 = 0, -g*a - 56 = -2*i - 12. What is the units digit of i?
4
Let t be (-7 + 12)*3/(-1). Let v = 6 - t. What is the tens digit of v?
2
Suppose -3*q + 78 = -5*j - 27, -2*q + 68 = -4*j. What is the units digit of q?
0
Let u(l) = l**2 - 5*l + 4. Let v be u(5). Suppose -v = -k + 4*y - 2, 5*k = y + 10. What is the units digit of k?
2
Let w(j) = -j + 8. Let u be 0 - (3/(-1) + 2). Suppose -s = -5 - u. What is the units digit of w(s)?
2
Let s = 3 - -51. What is the units digit of s?
4
Let o(r) = r**2 - 2*r - 3. Let i be o(3). Suppose 0 = -y - 2*y + 2*s - 11, 4*y - s = -13. Let f = i - y. What is the units digit of f?
3
Let o be -1*((-6)/3 - -6). Let l(b) = 2*b + 3. Let m(d) = -1. Let k(q) = -l(q) + 2*m(q). What is the units digit of k(o)?
3
Let d(y) = -3*y**3 - 1. Let p be d(-1). Let f be (-12)/(-2 + -1) - p. Suppose 2*w - 10 = -2*h, -f*h = -0*w + 3*w - 19. What is the units digit of w?
9
Let q(x) be the third derivative of -x**4/24 - 4*x**3/3 - 7*x**2. What is the units digit of q(-12)?
4
Suppose -3*y = 2*x + 34, 4*y = 4*x - x - 51. Let u(s) = -2405 - 11*s**2 + 15*s - s**3 - 4*s + 2411. What is the units digit of u(y)?
8
Let b = -8 + 16. Suppose -2*w + 4*w + b = 0. Let s = 13 + w. What is the units digit of s?
9
Let b be (40/(-15))/((-6)/243). Let m = b + -66. What is the units digit of m?
2
Suppose 4*u + 37 = j + 593, 4*j = 5*u - 684. What is the tens digit of u?
4
Suppose -5*v + 13*v - 744 = 0. What is the tens digit of v?
9
Suppose -4*n = 4*y - 3*n + 116, 5*y + 154 = n. What is the tens digit of -1*4 - (y - -8)?
1
Suppose 0 = 5*w + 5*d + 5, 4*w + 0*w - 11 = -d. Let f(o) = 4*o - 5. Let b be f(w). Suppose -11 = -3*r + t + b, -r = -3*t + 6. What is the units digit of r?
9
Suppose 3*z + 12 = 4*z. What is the units digit of z?
2
Let r(n) = -4*n**3 + 2*n**2 - 1. Let a be r(1). What is the tens digit of -14*((-18)/4 - a)?
2
Suppose 5*p - 210 = -20. What is the units digit of p?
8
Suppose 2*i + 198 = 5*p - 2*i, 4*p + 5*i = 183. Suppose -75 = -2*d - 3*w + 6*w, 3*d + 5*w - 84 = 0. What is the units digit of 6/d - p/(-11)?
4
Let u(k) = -k**3 - 4*k**2 - 2*k + 1. Let s be u(-2). Let f = 5 - s. Suppose -f - 12 = -2*o. What is the units digit of o?
0
Let u(a) = a**2 - 1 - a - 2*a + 3. Let b be u(4). What is the units digit of (2 - -3) + b/(-3)?
3
Suppose -18*g - 436 = -20*g. What is the hundreds digit of g?
2
Let s be ((-2)/6)/((-1)/(-3)). Let p = 10 + -30. What is the units digit of s/(-3) + p/(-3)?
7
Let w be 15*7/((-70)/(-4)). What is the units digit of ((-4)/w)/(10/(-15))?
1
Suppose -4*t = -7 - 1. Let l(m) = 4*m**2 + t*m**2 - 4*m + m**2 - 3*m**2 + 7 + m**3. What is the units digit of l(-5)?
2
Suppose 709 + 635 = 12*d. What is the tens digit of d?
1
Suppose -3*j + 92 = j + 2*v, -59 = -3*j - 4*v. What is the tens digit of j?
2
Suppose -1 = -d - 0*d. What is the units digit of d?
1
Let n(t) = -t**3 - 7*t**2 - 8*t. Let a be n(-6). Let d = a - -14. What is the tens digit of d?
2
Let n be -10 - -8 - -4*1. What is the units digit of n - (-5)/((-10)/(-32))?
8
Let v(g) = g**3 - 5*g**2 - 10*g. Suppose 3*b + 3 = 24. Let y be v(b). What is the units digit of y/(-12)*(-1 - 2)?
7
Suppose 0 = -3*p + 56 - 11. What is the units digit of p?
5
Suppose 3*v - 1 - 157 = 5*z, 5*v = -z + 226. Suppose 14 - v = -2*n. What is the units digit of n?
6
Suppose -2 + 0 = 2*k. Let x = k - -3. What is the units digit of x?
2
Suppose 0 = -2*i + 3*w + 23 - 0, -i - 5*w - 21 = 0. What is the units digit of i?
4
What is the units digit of ((-635)/(-25) + -6)/((-2)/(-10))?
7
What is the units digit of (18/6 - (-43)/(-3))*-9?
2
Suppose 58*b - 420 = 55*b. What is the hundreds digit of b?
1
Let f be ((56/(-7))/2)/((-1)/5). Let r be 24/(-2) + (0 - -2). Let d = f + r. What is the units digit of d?
0
Let d(c) = 4*c. Let q be d(5). Suppose 0 = 5*g + 3*i - q, 4*g + 3*i - 4 = 3*g. Suppose -t + 4*l + 30 = 0, -g*l - 34 - 38 = -4*t. What is the units digit of t?
4
Let i(b) = b**2 - 6*b - 5. Let v be i(7). Suppose -1 - 9 = -v*x. Suppose 18 = x*q + 3*h, 4*q - 1 = 5*h + 6. What is the units digit of q?
3
Let k = -6 + 18. Let q = k + -5. What is the units digit of q?
7
Let u(g) = 3*g**2 + 4*g + 2. Let f be u(-2). Let x be (-2)/(-1)*(-57)/(-6). Let k = x - f. What is the units digit of k?
3
Let u be 4/(-6)*15/(-5). Suppose 39 = 5*w + u*g, -2*g + 33 = 5*w + 2*g. What is the units digit of (w/(-6))/(4/(-56))?
1
Let b(c) = c**2 + c - 4. Let t(a) = 2*a**3 + a**2. Let l be t(1). Suppose l*p = -12, 4*p + 1 = -w + 3*p. What is the units digit of b(w)?
8
Suppose -19 + 0 = -4*f - 3*w, 0 = -3*f - 3*w + 15. Suppose -l - 47 = -b - 19, 0 = -f*b - 3*l + 119. What is the units digit of b?
9
Let m(b) = b**3 - 4*b**2 + 3*b + 2. Let a be m(3). What is the units digit of (-3 + 53)*a/4?
5
Let b = 7 + -4. Suppose -v = -n - 17, -2*n = 3*n - b*v + 75. Let w = n - -27. What is the tens digit of w?
1
Suppose 2*c = 9*c - 1169. What is the tens digit of c?
6
Let f(i) = -i**2 - 2*i + 1. Let y be f(-2). Let v be 44/(-2) - 32/((-16)/2). What is the units digit of (-81)/v*(y + 1)?
9
Let z(i) = -2*i**2 + 2*i**3 + 3*i**2 - 3*i**2 + i - 1. Let u be ((-12)/8)/(3/(-4)). What is the units digit of z(u)?
9
Suppose 0 = -3*n + 4*n - 1. Let o = 2 - n. What is the units digit of o?
1
Suppose -b + 16 = 2*j - 7*j, b + j = -2. Suppose -29 = -5*l + b. Suppose -p - 10 = -l*p. What is the units digit of p?
2
Let c = 0 - 3. Let o = -2 + 7. What is the units digit of o*(-1 - c)/2?
5
What is the tens digit of (-310 - -7)*(-1)/(-1 + 4)?
0
Suppose 7 = -2*q + 5*q + 4*o, 4*q - 16 = -4*o. Let d = q + -5. What is the units digit of 30/d*(-6)/(-5)?
9
Let g(t) = -3*t**2 - 5*t. Let f(b) = 16*b**2 + 25*b + 1. Let z(n) = -2*f(n) - 11*g(n). What is the units digit of z(-6)?
4
Let j(l) = -19*l**2 + 2*l - 1. Let u be j(-2). What is the units digit of u/(-15) - (-2)/(-5)?
5
Let x(w) = -w**2 + 13*w - 8. What is the tens digit of x(10)?
2
Let l(o) = o + 23. Let j be (-6)/33 + (-6)/(-33). Suppose -2*s - 11 - 11 = j. What is the tens digit of l(s)?
1
Let p(z) = -z**3 - 3*z**2 + z + 3. Let y be p(-3). Let u = 0 - y. Suppose -4*c + u*c = -2*r + 4, -5*r - 3*c + 36 = 0. What is the units digit of r?
6
Let y(j) = -5*j**3 - 3*j**2 - 10*j + 6. Let b(z) = z**3 + z. Let x(i) = 6*b(i) + y(i). What is the units digit of x(4)?
6
Let g(y) = -y**3 - 2*y**2 + 5*y + 2. What is the tens digit of g(-4)?
1
Let s = 78 + -54. Let o be (-12)/(0 - 2/(-2)). Let x = o + s. What is the tens digit of x?
1
Let k(t) = -2*t + 2*t - 7 - 2*t. Suppose 3*p = -5*h - 0*p - 31, -p + 35 = -4*h. What is the units digit of k(h)?
9
Suppose -52 = 2*w - 6*w. What is the units digit of w?
3
Let p(t) = t**2 - 4*t + 4. Let c be p(7). Let u = c - 15. What is the units digit of u?